31240?
2, 5, 11, 71
What are the prime factors of 1732?
2, 433
What are the prime factors of 446?
2, 223
List the prime factors of 869.
11, 79
List the prime factors of 614.
2, 307
What are the prime factors of 24414?
2, 3, 13, 313
What are the prime factors of 1221?
3, 11, 37
What are the prime factors of 17082?
2, 3, 13, 73
What are the prime factors of 1998?
2, 3, 37
What are the prime factors of 11023?
73, 151
What are the prime factors of 1614?
2, 3, 269
List the prime factors of 3151.
23, 137
What are the prime factors of 1983?
3, 661
What are the prime factors of 10123?
53, 191
List the prime factors of 778.
2, 389
List the prime factors of 1255.
5, 251
What are the prime factors of 2531?
2531
What are the prime factors of 32460?
2, 3, 5, 541
What are the prime factors of 102286?
2, 199, 257
List the prime factors of 1611.
3, 179
List the prime factors of 936.
2, 3, 13
What are the prime factors of 175463?
175463
What are the prime factors of 381?
3, 127
List the prime factors of 549.
3, 61
What are the prime factors of 4102?
2, 7, 293
What are the prime factors of 3936?
2, 3, 41
List the prime factors of 1351.
7, 193
What are the prime factors of 14374?
2, 7187
What are the prime factors of 7210?
2, 5, 7, 103
List the prime factors of 1589.
7, 227
List the prime factors of 1860.
2, 3, 5, 31
List the prime factors of 356.
2, 89
List the prime factors of 44889.
3, 13, 1151
What are the prime factors of 1330?
2, 5, 7, 19
List the prime factors of 100744.
2, 7, 257
What are the prime factors of 108492?
2, 3, 9041
What are the prime factors of 463?
463
What are the prime factors of 46662?
2, 3, 7, 11, 101
What are the prime factors of 952?
2, 7, 17
What are the prime factors of 25307?
25307
List the prime factors of 746.
2, 373
List the prime factors of 7914.
2, 3, 1319
What are the prime factors of 161?
7, 23
List the prime factors of 25932.
2, 3, 2161
What are the prime factors of 35310?
2, 3, 5, 11, 107
List the prime factors of 38617.
23, 73
What are the prime factors of 1928?
2, 241
List the prime factors of 5188.
2, 1297
List the prime factors of 2047.
23, 89
List the prime factors of 1120.
2, 5, 7
What are the prime factors of 75304?
2, 9413
List the prime factors of 5196.
2, 3, 433
List the prime factors of 122635.
5, 24527
What are the prime factors of 7527?
3, 13, 193
What are the prime factors of 1854?
2, 3, 103
List the prime factors of 5002.
2, 41, 61
List the prime factors of 43097.
71, 607
List the prime factors of 2388.
2, 3, 199
List the prime factors of 932.
2, 233
What are the prime factors of 7915?
5, 1583
What are the prime factors of 63821?
19, 3359
List the prime factors of 443.
443
List the prime factors of 72.
2, 3
List the prime factors of 12107.
12107
List the prime factors of 422.
2, 211
List the prime factors of 48417.
3, 16139
List the prime factors of 2186.
2, 1093
List the prime factors of 3647.
7, 521
What are the prime factors of 1786?
2, 19, 47
What are the prime factors of 124288?
2, 971
What are the prime factors of 3548?
2, 887
List the prime factors of 12149.
12149
What are the prime factors of 162153?
3, 43, 419
List the prime factors of 302.
2, 151
What are the prime factors of 2740?
2, 5, 137
What are the prime factors of 48503?
7, 13, 41
What are the prime factors of 4787?
4787
List the prime factors of 2136.
2, 3, 89
List the prime factors of 850.
2, 5, 17
What are the prime factors of 7882?
2, 7, 563
List the prime factors of 9977.
11, 907
What are the prime factors of 20393?
20393
List the prime factors of 488.
2, 61
What are the prime factors of 17084?
2, 4271
List the prime factors of 45.
3, 5
What are the prime factors of 2979?
3, 331
List the prime factors of 718.
2, 359
What are the prime factors of 75958?
2, 163, 233
List the prime factors of 111285.
3, 5, 2473
What are the prime factors of 1658?
2, 829
What are the prime factors of 160?
2, 5
List the prime factors of 2015.
5, 13, 31
List the prime factors of 135.
3, 5
List the prime factors of 17672.
2, 47
What are the prime factors of 1976?
2, 13, 19
What are the prime factors of 111758?
2, 17, 19, 173
List the prime factors of 222.
2, 3, 37
What are the prime factors of 1013?
1013
List the prime factors of 8388.
2, 3, 233
List the prime factors of 2056.
2, 257
What are the prime factors of 292?
2, 73
What are the prime factors of 2762?
2, 1381
List the prime factors of 107.
107
List the prime factors of 6077.
59, 103
What are the prime factors of 29355?
3, 5, 19, 103
What are the prime factors of 2799?
3, 311
List the prime factors of 1040.
2, 5, 13
What are the prime factors of 125888?
2, 7, 281
What are the prime factors of 4420?
2, 5, 13, 17
What are the prime factors of 11026?
2, 37, 149
What are the prime factors of 1408?
2, 11
What are the prime factors of 16777?
19, 883
What are the prime factors of 14438?
2, 7219
What are the prime factors of 923?
13, 71
What are the prime factors of 114?
2, 3, 19
What are the prime factors of 1394?
2, 17, 41
List the prime factors of 40892.
2, 10223
List the prime factors of 30656.
2, 479
What are the prime factors of 484?
2, 11
List the prime factors of 27538.
2, 7, 281
What are the prime factors of 2308?
2, 577
List the prime factors of 1067.
11, 97
List the prime factors of 1086.
2, 3, 181
List the prime factors of 7484.
2, 1871
List the prime factors of 50537.
97, 521
What are the prime factors of 28038?
2, 3, 4673
What are the prime factors of 1827?
3, 7, 29
What are the prime factors of 4143?
3, 1381
List the prime factors of 19344.
2, 3, 13, 31
What are the prime factors of 607?
607
What are the prime factors of 2564?
2, 641
List the prime factors of 23478.
2, 3, 7, 13, 43
List the prime factors of 699.
3, 233
List the prime factors of 1836.
2, 3, 17
What are the prime factors of 31123?
31123
List the prime factors of 4206.
2, 3, 701
List the prime factors of 106079.
37, 47, 61
List the prime factors of 1391.
13, 107
List the prime factors of 407.
11, 37
What are the prime factors of 24742?
2, 89, 139
What are the prime factors of 10795?
5, 17, 127
What are the prime factors of 2665?
5, 13, 41
List the prime factors of 3135.
3, 5, 11, 19
List the prime factors of 459.
3, 17
What are the prime factors of 9586?
2, 4793
List the prime factors of 1163.
1163
What are the prime factors of 19524?
2, 3, 1627
List the prime factors of 580.
2, 5, 29
List the prime factors of 18507.
3, 31, 199
What are the prime factors of 814?
2, 11, 37
What are the prime factors of 2577?
3, 859
What are the prime factors of 4218?
2, 3, 19, 37
What are the prime factors of 47222?
2, 7, 3373
List the prime factors of 2059.
29, 71
What are the prime factors of 2846?
2, 1423
List the prime factors of 1265.
5, 11, 23
What are the prime factors of 30249?
3, 3361
List the prime factors of 2168.
2, 271
List the prime factors of 206.
2, 103
What are the prime factors of 1393?
7, 199
List the prime factors of 22411.
73, 307
List the prime factors of 2177.
7, 311
What are the prime factors of 1977?
3, 659
What are the prime factors of 9048?
2, 3, 13, 29
List the prime factors of 19316.
2, 11, 439
What are the prime factors of 86309?
17, 5077
What are the prime factors of 8222?
2, 4111
What are the prime factors of 2067?
3, 13, 53
What are the prime factors of 3078?
2, 3, 19
List the prime factors of 807.
3, 269
What are the prime factors of 21?
3, 7
List the prime factors of 2972.
2, 743
List the prime factors of 281.
281
What are the prime factors of 17819?
103, 173
List the prime factors of 49287.
3, 7, 2347
List the prime factors of 707.
7, 101
What are the prime factors of 1222?
2, 13, 47
List the prime factors of 44914.
2, 17, 1321
What are the prime factors of 1309?
7, 11, 17
List the prime factors of 35090.
2, 5, 11, 29
What are the prime factors of 59724?
2, 3, 7, 79
What are the prime factors of 5564?
2, 13, 107
List the prime factors of 139.
139
List the prime factors of 2217.
3, 739
What are the prime factors of 23918?
2, 11959
What are the prime factors of 200650?
2, 5, 4013
List the prime factors of 29720.
2, 5, 743
List the prime factors of 11395.
5, 43, 53
List the prime factors of 746.
2, 373
What are the prime factors of 2560?
2, 5
List the prime factors of 515.
5, 103
List the prime factors of 6529.
6